{"id":589,"date":"2025-09-10T12:25:05","date_gmt":"2025-09-10T12:25:05","guid":{"rendered":"https:\/\/www.plastcenternordic.fi\/?page_id=589"},"modified":"2026-03-04T08:04:09","modified_gmt":"2026-03-04T08:04:09","slug":"ajankohtaista","status":"publish","type":"page","link":"https:\/\/www.plastcenternordic.fi\/?page_id=589","title":{"rendered":"Ajankohtaista"},"content":{"rendered":"\n<div style=\"height:100px\" aria-hidden=\"true\" class=\"wp-block-spacer\"><\/div>\n\n\n\n<div class=\"wp-block-media-text is-stacked-on-mobile\" style=\"grid-template-columns:34% auto\"><figure class=\"wp-block-media-text__media\"><img loading=\"lazy\" decoding=\"async\" width=\"850\" height=\"1024\" src=\"https:\/\/www.plastcenternordic.fi\/wp-content\/uploads\/2026\/03\/Moller_Sanasol-1-850x1024.jpeg\" alt=\"Myym\u00e4l\u00e4n\u00e4kyvyys, POS-materiaalit, n\u00e4kyvyys, Plastcenter\" class=\"wp-image-659 size-full\" srcset=\"https:\/\/www.plastcenternordic.fi\/wp-content\/uploads\/2026\/03\/Moller_Sanasol-1-850x1024.jpeg 850w, https:\/\/www.plastcenternordic.fi\/wp-content\/uploads\/2026\/03\/Moller_Sanasol-1-249x300.jpeg 249w, https:\/\/www.plastcenternordic.fi\/wp-content\/uploads\/2026\/03\/Moller_Sanasol-1-768x925.jpeg 768w, https:\/\/www.plastcenternordic.fi\/wp-content\/uploads\/2026\/03\/Moller_Sanasol-1-1275x1536.jpeg 1275w, https:\/\/www.plastcenternordic.fi\/wp-content\/uploads\/2026\/03\/Moller_Sanasol-1-1700x2048.jpeg 1700w\" sizes=\"auto, (max-width: 850px) 100vw, 850px\" \/><\/figure><div class=\"wp-block-media-text__content\">\n<h2 class=\"wp-block-heading\"><strong>N\u00e4ytt\u00e4v\u00e4t myym\u00e4l\u00e4ratkaisut kasvattavat myynti\u00e4si,\u00a0autamme sinua erottumaan.<\/strong><\/h2>\n\n\n\n<p><\/p>\n\n\n\n<p>Haluatko, ett\u00e4\u00a0<strong>tuotteesi myym\u00e4l\u00e4ss\u00e4 her\u00e4tt\u00e4v\u00e4t huomiota ja myyv\u00e4t paremmin<\/strong>? Myym\u00e4l\u00f6iss\u00e4 asiakkaan huomio valloitetaan vain sekunneissa. Siksi toimiva ja visuaalisesti vaikuttava esillepano on nykyp\u00e4iv\u00e4n\u00e4 yksi t\u00e4rkeimmist\u00e4 myynnin tekij\u00f6ist\u00e4.<\/p>\n\n\n\n<div class=\"wp-block-buttons is-layout-flex wp-block-buttons-is-layout-flex\">\n<div class=\"wp-block-button\"><a class=\"wp-block-button__link wp-element-button\" href=\"https:\/\/www.plastcenternordic.fi\/?p=657\">Lue lis\u00e4\u00e4<\/a><\/div>\n<\/div>\n<\/div><\/div>\n\n\n\n<div style=\"height:100px\" aria-hidden=\"true\" class=\"wp-block-spacer\"><\/div>\n\n\n\n<div class=\"wp-block-media-text is-stacked-on-mobile\" style=\"grid-template-columns:34% auto\"><figure class=\"wp-block-media-text__media\"><img loading=\"lazy\" decoding=\"async\" width=\"768\" height=\"1024\" src=\"https:\/\/www.plastcenternordic.fi\/wp-content\/uploads\/2025\/02\/Retinol-768x1024.jpg\" alt=\"\" class=\"wp-image-479 size-full\" srcset=\"https:\/\/www.plastcenternordic.fi\/wp-content\/uploads\/2025\/02\/Retinol-768x1024.jpg 768w, https:\/\/www.plastcenternordic.fi\/wp-content\/uploads\/2025\/02\/Retinol-225x300.jpg 225w, https:\/\/www.plastcenternordic.fi\/wp-content\/uploads\/2025\/02\/Retinol-1152x1536.jpg 1152w, https:\/\/www.plastcenternordic.fi\/wp-content\/uploads\/2025\/02\/Retinol-1536x2048.jpg 1536w, https:\/\/www.plastcenternordic.fi\/wp-content\/uploads\/2025\/02\/Retinol-scaled.jpg 1920w\" sizes=\"auto, (max-width: 768px) 100vw, 768px\" \/><\/figure><div class=\"wp-block-media-text__content\">\n<h2 class=\"wp-block-heading\"><strong><strong>Ostop\u00e4\u00e4t\u00f6kset tehd\u00e4\u00e4n edelleen myym\u00e4l\u00f6iss\u00e4<\/strong><\/strong><\/h2>\n\n\n\n<p>Vaikka verkkokauppa kasvaa ja digitaaliset ostokokemukset yleistyv\u00e4t, suurempi osa ostop\u00e4\u00e4t\u00f6ksist\u00e4 tehd\u00e4\u00e4n yh\u00e4 fyysisiss\u00e4 myym\u00e4l\u00f6iss\u00e4. Kuluttajat haluavat n\u00e4hd\u00e4, koskettaa ja kokea tuotteen ennen ostop\u00e4\u00e4t\u00f6st\u00e4. T\u00e4m\u00e4 tekee myym\u00e4l\u00e4tilasta ja tuotteen n\u00e4kyvyydest\u00e4 ratkaisevan t\u00e4rke\u00e4n tekij\u00e4n.<\/p>\n\n\n\n<div class=\"wp-block-buttons is-layout-flex wp-block-buttons-is-layout-flex\">\n<div class=\"wp-block-button\"><a class=\"wp-block-button__link wp-element-button\" href=\"https:\/\/www.plastcenternordic.fi\/wp-admin\/post.php?post=645&amp;action=edit\">Lue lis\u00e4\u00e4<\/a><\/div>\n<\/div>\n<\/div><\/div>\n\n\n\n<div style=\"height:100px\" aria-hidden=\"true\" class=\"wp-block-spacer\"><\/div>\n\n\n\n<div class=\"wp-block-media-text is-stacked-on-mobile\" style=\"grid-template-columns:34% auto\"><figure class=\"wp-block-media-text__media\"><img loading=\"lazy\" decoding=\"async\" width=\"850\" height=\"1024\" src=\"https:\/\/www.plastcenternordic.fi\/wp-content\/uploads\/2025\/08\/Moller_Sanasol-1-850x1024.jpeg\" alt=\"Plastcenter, myym\u00e4l\u00e4materiaalit, POS-materiaalit, esillepanot, myynninedist\u00e4minen\" class=\"wp-image-568 size-full\" srcset=\"https:\/\/www.plastcenternordic.fi\/wp-content\/uploads\/2025\/08\/Moller_Sanasol-1-850x1024.jpeg 850w, https:\/\/www.plastcenternordic.fi\/wp-content\/uploads\/2025\/08\/Moller_Sanasol-1-249x300.jpeg 249w, https:\/\/www.plastcenternordic.fi\/wp-content\/uploads\/2025\/08\/Moller_Sanasol-1-768x925.jpeg 768w, https:\/\/www.plastcenternordic.fi\/wp-content\/uploads\/2025\/08\/Moller_Sanasol-1-1275x1536.jpeg 1275w, https:\/\/www.plastcenternordic.fi\/wp-content\/uploads\/2025\/08\/Moller_Sanasol-1-1700x2048.jpeg 1700w\" sizes=\"auto, (max-width: 850px) 100vw, 850px\" \/><\/figure><div class=\"wp-block-media-text__content\">\n<h2 class=\"wp-block-heading\"><strong><strong>Tehd\u00e4\u00e4n tuotteistasi myynnin vetonaula Plastcenterin kokonaispalvelulla<\/strong>!<\/strong><\/h2>\n\n\n\n<p>Myym\u00e4l\u00e4 on paikka, jossa ostop\u00e4\u00e4t\u00f6kset syntyv\u00e4t. Jotta tuotteesi erottuvat hyllyst\u00e4 ja her\u00e4tt\u00e4v\u00e4t asiakkaan kiinnostuksen, tarvitaan harkittua esillepanoa ja laadukkaita myym\u00e4l\u00e4materiaaleja. Autamme sinua luomaan ratkaisuja, jotka eiv\u00e4t ainoastaan n\u00e4yt\u00e4 hyv\u00e4lt\u00e4, vaan my\u00f6s tukevat myynti\u00e4.<\/p>\n\n\n\n<div class=\"wp-block-buttons is-layout-flex wp-block-buttons-is-layout-flex\">\n<div class=\"wp-block-button\"><a class=\"wp-block-button__link wp-element-button\" href=\"https:\/\/www.plastcenternordic.fi\/?p=635\">Lue lis\u00e4\u00e4<\/a><\/div>\n<\/div>\n<\/div><\/div>\n\n\n\n<div style=\"height:100px\" aria-hidden=\"true\" class=\"wp-block-spacer\"><\/div>\n\n\n\n<div class=\"wp-block-media-text is-stacked-on-mobile\" style=\"grid-template-columns:32% auto\"><figure class=\"wp-block-media-text__media\"><img loading=\"lazy\" decoding=\"async\" width=\"970\" height=\"954\" src=\"https:\/\/www.plastcenternordic.fi\/wp-content\/uploads\/2025\/10\/Joulukalenteri.png\" alt=\"\" class=\"wp-image-619 size-full\" srcset=\"https:\/\/www.plastcenternordic.fi\/wp-content\/uploads\/2025\/10\/Joulukalenteri.png 970w, https:\/\/www.plastcenternordic.fi\/wp-content\/uploads\/2025\/10\/Joulukalenteri-300x295.png 300w, https:\/\/www.plastcenternordic.fi\/wp-content\/uploads\/2025\/10\/Joulukalenteri-768x755.png 768w\" sizes=\"auto, (max-width: 970px) 100vw, 970px\" \/><\/figure><div class=\"wp-block-media-text__content\">\n<h2 class=\"wp-block-heading\"><strong>N\u00e4y silloin, kun asiakkaasi ovat liikkeell\u00e4!<\/strong><\/h2>\n\n\n\n<p>Sesongit tarjoavat erinomaisen mahdollisuuden tehd\u00e4 br\u00e4ndist\u00e4si entist\u00e4 n\u00e4kyv\u00e4mm\u00e4n. Kun asiakkaat ovat liikkeell\u00e4, oikea-aikainen ja houkutteleva n\u00e4kyvyys voi ratkaista ostop\u00e4\u00e4t\u00f6ksen. Autamme sinua hy\u00f6dynt\u00e4m\u00e4\u00e4n sesonkien koko potentiaalin ja suunnittelemme sek\u00e4 tuotamme materiaalit, jotka tukevat myynti\u00e4si.<\/p>\n\n\n\n<div class=\"wp-block-buttons is-layout-flex wp-block-buttons-is-layout-flex\">\n<div class=\"wp-block-button\"><a class=\"wp-block-button__link wp-element-button\" href=\"https:\/\/www.plastcenternordic.fi\/wp-admin\/post.php?post=621&amp;action=edit\">Lue lis\u00e4\u00e4<\/a><\/div>\n<\/div>\n<\/div><\/div>\n\n\n\n<div style=\"height:100px\" aria-hidden=\"true\" class=\"wp-block-spacer\"><\/div>\n\n\n\n<div class=\"wp-block-media-text is-stacked-on-mobile\" style=\"grid-template-columns:32% auto\"><figure class=\"wp-block-media-text__media\"><img loading=\"lazy\" decoding=\"async\" width=\"1024\" height=\"1024\" src=\"https:\/\/www.plastcenternordic.fi\/wp-content\/uploads\/2025\/09\/Joulu-1024x1024.jpg\" alt=\"\" class=\"wp-image-574 size-full\" srcset=\"https:\/\/www.plastcenternordic.fi\/wp-content\/uploads\/2025\/09\/Joulu-1024x1024.jpg 1024w, https:\/\/www.plastcenternordic.fi\/wp-content\/uploads\/2025\/09\/Joulu-300x300.jpg 300w, https:\/\/www.plastcenternordic.fi\/wp-content\/uploads\/2025\/09\/Joulu-150x150.jpg 150w, https:\/\/www.plastcenternordic.fi\/wp-content\/uploads\/2025\/09\/Joulu-768x768.jpg 768w, https:\/\/www.plastcenternordic.fi\/wp-content\/uploads\/2025\/09\/Joulu.jpg 1080w\" sizes=\"auto, (max-width: 1024px) 100vw, 1024px\" \/><\/figure><div class=\"wp-block-media-text__content\">\n<h2 class=\"wp-block-heading\"><strong>Tuotepakkaus on t\u00e4rkein ensivaikutelma tuotteestasi<\/strong><\/h2>\n\n\n\n<p>Pakkauksen huoliteltu ulkoasu sek\u00e4 laadukkaat materiaalit ja rakennesuunnittelu lis\u00e4\u00e4v\u00e4t tutkitusti myynti\u00e4. Myyntipakkauksen luoma ensivaikutelma antaa mielikuvan tuotteen laadusta ja br\u00e4ndist\u00e4, mik\u00e4 vaikuttaa positiivisesti my\u00f6s ostop\u00e4\u00e4t\u00f6kseen. Autamme sinua pakkauksen rakenteen ja haastavampienkin muotoiltujen sis\u00e4osien suunnittelussa ja tuotannossa. Saat kauttamme itse pakkauksen lis\u00e4ksi my\u00f6s sen sis\u00e4lle mahdollisesti tulevat sis\u00e4osat, esitteet ja tarrat.<\/p>\n\n\n\n<div class=\"wp-block-buttons is-layout-flex wp-block-buttons-is-layout-flex\">\n<div class=\"wp-block-button\"><a class=\"wp-block-button__link wp-element-button\" href=\"https:\/\/www.plastcenternordic.fi\/?p=572\">Lue lis\u00e4\u00e4<\/a><\/div>\n<\/div>\n<\/div><\/div>\n\n\n\n<div style=\"height:100px\" aria-hidden=\"true\" class=\"wp-block-spacer\"><\/div>\n\n\n\n<div class=\"wp-block-media-text is-stacked-on-mobile\" style=\"grid-template-columns:32% auto\"><figure class=\"wp-block-media-text__media\"><img loading=\"lazy\" decoding=\"async\" width=\"574\" height=\"686\" src=\"https:\/\/www.plastcenternordic.fi\/wp-content\/uploads\/2025\/02\/Poytateline_etusivu.jpg\" alt=\"\" class=\"wp-image-49 size-full\" srcset=\"https:\/\/www.plastcenternordic.fi\/wp-content\/uploads\/2025\/02\/Poytateline_etusivu.jpg 574w, https:\/\/www.plastcenternordic.fi\/wp-content\/uploads\/2025\/02\/Poytateline_etusivu-251x300.jpg 251w\" sizes=\"auto, (max-width: 574px) 100vw, 574px\" \/><\/figure><div class=\"wp-block-media-text__content\">\n<h2 class=\"wp-block-heading\"><strong>Lomat on takanap\u00e4in ja on aika suunnata katseet syyskauden mahdollisuuksiin<\/strong><\/h2>\n\n\n\n<p>Nyt on t\u00e4ydellinen hetki varmistaa, ett\u00e4 br\u00e4ndinne erottuu edukseen, niin myym\u00e4l\u00f6iss\u00e4 kuin tapahtumissakin. Olemme uudistaneet verkkosivumme, jotta palveluidemme selaaminen ja yhteydenpito kanssamme olisi entist\u00e4 helpompaa ja mukavampaa. L\u00f6yd\u00e4t sivuiltamme tiedot palveluistamme ja tuotteistamme sek\u00e4 helpon yhteydenottotavan asiantuntijoihimme. Olemme valmiina l\u00f6yt\u00e4m\u00e4\u00e4n parhaat ratkaisut kaikkiin n\u00e4kyvyyden tarpeisiisi!<\/p>\n\n\n\n<div class=\"wp-block-buttons is-layout-flex wp-block-buttons-is-layout-flex\">\n<div class=\"wp-block-button\"><a class=\"wp-block-button__link wp-element-button\" href=\"https:\/\/www.plastcenternordic.fi\/?p=599\">Lue lis\u00e4\u00e4<\/a><\/div>\n<\/div>\n<\/div><\/div>\n\n\n\n<p><\/p>\n","protected":false},"excerpt":{"rendered":"","protected":false},"author":1,"featured_media":0,"parent":0,"menu_order":0,"comment_status":"closed","ping_status":"closed","template":"","meta":{"neve_meta_sidebar":"","neve_meta_container":"","neve_meta_enable_content_width":"","neve_meta_content_width":0,"neve_meta_title_alignment":"","neve_meta_author_avatar":"","neve_post_elements_order":"","neve_meta_disable_header":"","neve_meta_disable_footer":"","neve_meta_disable_title":"","neve_meta_reading_time":"","footnotes":""},"class_list":["post-589","page","type-page","status-publish","hentry"],"yoast_head":"<!-- This site is optimized with the Yoast SEO plugin v27.4 - https:\/\/yoast.com\/product\/yoast-seo-wordpress\/ -->\n<title>Ajankohtaista - Plastcenter Nordic Oy<\/title>\n<meta name=\"robots\" content=\"index, follow, max-snippet:-1, max-image-preview:large, max-video-preview:-1\" \/>\n<link rel=\"canonical\" href=\"https:\/\/www.plastcenternordic.fi\/?page_id=589\" \/>\n<meta property=\"og:locale\" content=\"fi_FI\" \/>\n<meta property=\"og:type\" content=\"article\" \/>\n<meta property=\"og:title\" content=\"Ajankohtaista - Plastcenter Nordic Oy\" \/>\n<meta property=\"og:url\" content=\"https:\/\/www.plastcenternordic.fi\/?page_id=589\" \/>\n<meta property=\"og:site_name\" content=\"Plastcenter Nordic Oy\" \/>\n<meta property=\"article:modified_time\" content=\"2026-03-04T08:04:09+00:00\" \/>\n<meta property=\"og:image\" content=\"https:\/\/www.plastcenternordic.fi\/wp-content\/uploads\/2026\/03\/Moller_Sanasol-1-scaled.jpeg\" \/>\n\t<meta property=\"og:image:width\" content=\"2125\" \/>\n\t<meta property=\"og:image:height\" content=\"2560\" \/>\n\t<meta property=\"og:image:type\" content=\"image\/jpeg\" \/>\n<meta name=\"twitter:card\" content=\"summary_large_image\" \/>\n<meta name=\"twitter:label1\" content=\"Arvioitu lukuaika\" \/>\n\t<meta name=\"twitter:data1\" content=\"2 minuuttia\" \/>\n<script type=\"application\/ld+json\" class=\"yoast-schema-graph\">{\"@context\":\"https:\\\/\\\/schema.org\",\"@graph\":[{\"@type\":\"WebPage\",\"@id\":\"https:\\\/\\\/www.plastcenternordic.fi\\\/?page_id=589\",\"url\":\"https:\\\/\\\/www.plastcenternordic.fi\\\/?page_id=589\",\"name\":\"Ajankohtaista - Plastcenter Nordic Oy\",\"isPartOf\":{\"@id\":\"https:\\\/\\\/www.plastcenternordic.fi\\\/#website\"},\"primaryImageOfPage\":{\"@id\":\"https:\\\/\\\/www.plastcenternordic.fi\\\/?page_id=589#primaryimage\"},\"image\":{\"@id\":\"https:\\\/\\\/www.plastcenternordic.fi\\\/?page_id=589#primaryimage\"},\"thumbnailUrl\":\"https:\\\/\\\/www.plastcenternordic.fi\\\/wp-content\\\/uploads\\\/2026\\\/03\\\/Moller_Sanasol-1-850x1024.jpeg\",\"datePublished\":\"2025-09-10T12:25:05+00:00\",\"dateModified\":\"2026-03-04T08:04:09+00:00\",\"breadcrumb\":{\"@id\":\"https:\\\/\\\/www.plastcenternordic.fi\\\/?page_id=589#breadcrumb\"},\"inLanguage\":\"fi\",\"potentialAction\":[{\"@type\":\"ReadAction\",\"target\":[\"https:\\\/\\\/www.plastcenternordic.fi\\\/?page_id=589\"]}]},{\"@type\":\"ImageObject\",\"inLanguage\":\"fi\",\"@id\":\"https:\\\/\\\/www.plastcenternordic.fi\\\/?page_id=589#primaryimage\",\"url\":\"https:\\\/\\\/www.plastcenternordic.fi\\\/wp-content\\\/uploads\\\/2026\\\/03\\\/Moller_Sanasol-1-scaled.jpeg\",\"contentUrl\":\"https:\\\/\\\/www.plastcenternordic.fi\\\/wp-content\\\/uploads\\\/2026\\\/03\\\/Moller_Sanasol-1-scaled.jpeg\",\"width\":2125,\"height\":2560,\"caption\":\"Myym\u00e4l\u00e4n\u00e4kyvyys, POS-materiaalit, n\u00e4kyvyys, Plastcenter\"},{\"@type\":\"BreadcrumbList\",\"@id\":\"https:\\\/\\\/www.plastcenternordic.fi\\\/?page_id=589#breadcrumb\",\"itemListElement\":[{\"@type\":\"ListItem\",\"position\":1,\"name\":\"Etusivu\",\"item\":\"https:\\\/\\\/www.plastcenternordic.fi\\\/\"},{\"@type\":\"ListItem\",\"position\":2,\"name\":\"Ajankohtaista\"}]},{\"@type\":\"WebSite\",\"@id\":\"https:\\\/\\\/www.plastcenternordic.fi\\\/#website\",\"url\":\"https:\\\/\\\/www.plastcenternordic.fi\\\/\",\"name\":\"Plastcenter Nordic Oy\",\"description\":\"\",\"publisher\":{\"@id\":\"https:\\\/\\\/www.plastcenternordic.fi\\\/#organization\"},\"potentialAction\":[{\"@type\":\"SearchAction\",\"target\":{\"@type\":\"EntryPoint\",\"urlTemplate\":\"https:\\\/\\\/www.plastcenternordic.fi\\\/?s={search_term_string}\"},\"query-input\":{\"@type\":\"PropertyValueSpecification\",\"valueRequired\":true,\"valueName\":\"search_term_string\"}}],\"inLanguage\":\"fi\"},{\"@type\":\"Organization\",\"@id\":\"https:\\\/\\\/www.plastcenternordic.fi\\\/#organization\",\"name\":\"Plastcenter Nordic Oy\",\"url\":\"https:\\\/\\\/www.plastcenternordic.fi\\\/\",\"logo\":{\"@type\":\"ImageObject\",\"inLanguage\":\"fi\",\"@id\":\"https:\\\/\\\/www.plastcenternordic.fi\\\/#\\\/schema\\\/logo\\\/image\\\/\",\"url\":\"https:\\\/\\\/www.plastcenternordic.fi\\\/wp-content\\\/uploads\\\/2025\\\/02\\\/Plastcenter_logo.png\",\"contentUrl\":\"https:\\\/\\\/www.plastcenternordic.fi\\\/wp-content\\\/uploads\\\/2025\\\/02\\\/Plastcenter_logo.png\",\"width\":357,\"height\":48,\"caption\":\"Plastcenter Nordic Oy\"},\"image\":{\"@id\":\"https:\\\/\\\/www.plastcenternordic.fi\\\/#\\\/schema\\\/logo\\\/image\\\/\"}}]}<\/script>\n<!-- \/ Yoast SEO plugin. -->","yoast_head_json":{"title":"Ajankohtaista - Plastcenter Nordic Oy","robots":{"index":"index","follow":"follow","max-snippet":"max-snippet:-1","max-image-preview":"max-image-preview:large","max-video-preview":"max-video-preview:-1"},"canonical":"https:\/\/www.plastcenternordic.fi\/?page_id=589","og_locale":"fi_FI","og_type":"article","og_title":"Ajankohtaista - Plastcenter Nordic Oy","og_url":"https:\/\/www.plastcenternordic.fi\/?page_id=589","og_site_name":"Plastcenter Nordic Oy","article_modified_time":"2026-03-04T08:04:09+00:00","og_image":[{"width":2125,"height":2560,"url":"https:\/\/www.plastcenternordic.fi\/wp-content\/uploads\/2026\/03\/Moller_Sanasol-1-scaled.jpeg","type":"image\/jpeg"}],"twitter_card":"summary_large_image","twitter_misc":{"Arvioitu lukuaika":"2 minuuttia"},"schema":{"@context":"https:\/\/schema.org","@graph":[{"@type":"WebPage","@id":"https:\/\/www.plastcenternordic.fi\/?page_id=589","url":"https:\/\/www.plastcenternordic.fi\/?page_id=589","name":"Ajankohtaista - Plastcenter Nordic Oy","isPartOf":{"@id":"https:\/\/www.plastcenternordic.fi\/#website"},"primaryImageOfPage":{"@id":"https:\/\/www.plastcenternordic.fi\/?page_id=589#primaryimage"},"image":{"@id":"https:\/\/www.plastcenternordic.fi\/?page_id=589#primaryimage"},"thumbnailUrl":"https:\/\/www.plastcenternordic.fi\/wp-content\/uploads\/2026\/03\/Moller_Sanasol-1-850x1024.jpeg","datePublished":"2025-09-10T12:25:05+00:00","dateModified":"2026-03-04T08:04:09+00:00","breadcrumb":{"@id":"https:\/\/www.plastcenternordic.fi\/?page_id=589#breadcrumb"},"inLanguage":"fi","potentialAction":[{"@type":"ReadAction","target":["https:\/\/www.plastcenternordic.fi\/?page_id=589"]}]},{"@type":"ImageObject","inLanguage":"fi","@id":"https:\/\/www.plastcenternordic.fi\/?page_id=589#primaryimage","url":"https:\/\/www.plastcenternordic.fi\/wp-content\/uploads\/2026\/03\/Moller_Sanasol-1-scaled.jpeg","contentUrl":"https:\/\/www.plastcenternordic.fi\/wp-content\/uploads\/2026\/03\/Moller_Sanasol-1-scaled.jpeg","width":2125,"height":2560,"caption":"Myym\u00e4l\u00e4n\u00e4kyvyys, POS-materiaalit, n\u00e4kyvyys, Plastcenter"},{"@type":"BreadcrumbList","@id":"https:\/\/www.plastcenternordic.fi\/?page_id=589#breadcrumb","itemListElement":[{"@type":"ListItem","position":1,"name":"Etusivu","item":"https:\/\/www.plastcenternordic.fi\/"},{"@type":"ListItem","position":2,"name":"Ajankohtaista"}]},{"@type":"WebSite","@id":"https:\/\/www.plastcenternordic.fi\/#website","url":"https:\/\/www.plastcenternordic.fi\/","name":"Plastcenter Nordic Oy","description":"","publisher":{"@id":"https:\/\/www.plastcenternordic.fi\/#organization"},"potentialAction":[{"@type":"SearchAction","target":{"@type":"EntryPoint","urlTemplate":"https:\/\/www.plastcenternordic.fi\/?s={search_term_string}"},"query-input":{"@type":"PropertyValueSpecification","valueRequired":true,"valueName":"search_term_string"}}],"inLanguage":"fi"},{"@type":"Organization","@id":"https:\/\/www.plastcenternordic.fi\/#organization","name":"Plastcenter Nordic Oy","url":"https:\/\/www.plastcenternordic.fi\/","logo":{"@type":"ImageObject","inLanguage":"fi","@id":"https:\/\/www.plastcenternordic.fi\/#\/schema\/logo\/image\/","url":"https:\/\/www.plastcenternordic.fi\/wp-content\/uploads\/2025\/02\/Plastcenter_logo.png","contentUrl":"https:\/\/www.plastcenternordic.fi\/wp-content\/uploads\/2025\/02\/Plastcenter_logo.png","width":357,"height":48,"caption":"Plastcenter Nordic Oy"},"image":{"@id":"https:\/\/www.plastcenternordic.fi\/#\/schema\/logo\/image\/"}}]}},"_links":{"self":[{"href":"https:\/\/www.plastcenternordic.fi\/index.php?rest_route=\/wp\/v2\/pages\/589","targetHints":{"allow":["GET"]}}],"collection":[{"href":"https:\/\/www.plastcenternordic.fi\/index.php?rest_route=\/wp\/v2\/pages"}],"about":[{"href":"https:\/\/www.plastcenternordic.fi\/index.php?rest_route=\/wp\/v2\/types\/page"}],"author":[{"embeddable":true,"href":"https:\/\/www.plastcenternordic.fi\/index.php?rest_route=\/wp\/v2\/users\/1"}],"replies":[{"embeddable":true,"href":"https:\/\/www.plastcenternordic.fi\/index.php?rest_route=%2Fwp%2Fv2%2Fcomments&post=589"}],"version-history":[{"count":21,"href":"https:\/\/www.plastcenternordic.fi\/index.php?rest_route=\/wp\/v2\/pages\/589\/revisions"}],"predecessor-version":[{"id":667,"href":"https:\/\/www.plastcenternordic.fi\/index.php?rest_route=\/wp\/v2\/pages\/589\/revisions\/667"}],"wp:attachment":[{"href":"https:\/\/www.plastcenternordic.fi\/index.php?rest_route=%2Fwp%2Fv2%2Fmedia&parent=589"}],"curies":[{"name":"wp","href":"https:\/\/api.w.org\/{rel}","templated":true}]}}