{"id":59,"date":"2025-02-10T18:10:27","date_gmt":"2025-02-10T18:10:27","guid":{"rendered":"https:\/\/www.plastcenternordic.fi\/?page_id=59"},"modified":"2026-04-09T09:38:40","modified_gmt":"2026-04-09T09:38:40","slug":"myymalaratkaisut","status":"publish","type":"page","link":"https:\/\/www.plastcenternordic.fi\/?page_id=59","title":{"rendered":"Myym\u00e4l\u00e4ratkaisut"},"content":{"rendered":"\n<div style=\"height:52px\" aria-hidden=\"true\" class=\"wp-block-spacer\"><\/div>\n\n\n\n<div class=\"wp-block-columns is-layout-flex wp-container-core-columns-is-layout-9d6595d7 wp-block-columns-is-layout-flex\">\n<div class=\"wp-block-column is-layout-flow wp-block-column-is-layout-flow\">\n<figure class=\"wp-block-image size-full\"><img loading=\"lazy\" decoding=\"async\" width=\"918\" height=\"1012\" src=\"https:\/\/www.plastcenternordic.fi\/wp-content\/uploads\/2025\/02\/Chiquita.jpg\" alt=\"\" class=\"wp-image-288\" srcset=\"https:\/\/www.plastcenternordic.fi\/wp-content\/uploads\/2025\/02\/Chiquita.jpg 918w, https:\/\/www.plastcenternordic.fi\/wp-content\/uploads\/2025\/02\/Chiquita-272x300.jpg 272w, https:\/\/www.plastcenternordic.fi\/wp-content\/uploads\/2025\/02\/Chiquita-768x847.jpg 768w\" sizes=\"auto, (max-width: 918px) 100vw, 918px\" \/><\/figure>\n<\/div>\n\n\n\n<div class=\"wp-block-column is-vertically-aligned-center is-layout-flow wp-block-column-is-layout-flow\">\n<h2 class=\"wp-block-heading\">Houkuttelevat myym\u00e4l\u00e4esillepanot ja n\u00e4ytt\u00e4v\u00e4t rakenteet \u2013 voimaa myyntiin<\/h2>\n\n\n\n<p>Myym\u00e4l\u00e4kalusteilla ja tuotteiden esillepanoilla on merkitt\u00e4v\u00e4 vaikutus myyntisi edist\u00e4miseen. Olemme suunnitelleet ja toteuttaneet paljon erikokoisia myym\u00e4l\u00e4modulien br\u00e4nd\u00e4yksi\u00e4 sek\u00e4 t\u00e4ysin uusia<br>myym\u00e4l\u00e4kalusteita ja -ratkaisuja. Saat kauttamme n\u00e4ytt\u00e4v\u00e4t kokonaisuudet, esillepanot, telineet sek\u00e4 myyntipaikkasomistuksen. Tunnemme jakelutien monet mahdollisuudet ja autamme sinua rakentamaan n\u00e4ytt\u00e4v\u00e4t materiaalit aina suunnittelusta tuotantoon.<\/p>\n\n\n\n<div class=\"wp-block-buttons is-layout-flex wp-block-buttons-is-layout-flex\">\n<div class=\"wp-block-button is-style-primary\"><a class=\"wp-block-button__link wp-element-button\" href=\"https:\/\/www.plastcenternordic.fi\/?page_id=24\">Ota yhteytt\u00e4!<\/a><\/div>\n<\/div>\n<\/div>\n<\/div>\n\n\n\n<div class=\"wp-block-group\"><div class=\"wp-block-group__inner-container is-layout-flow wp-block-group-is-layout-flow\">\n<div style=\"height:100px\" aria-hidden=\"true\" class=\"wp-block-spacer\"><\/div>\n\n\n\n<figure class=\"wp-block-gallery has-nested-images columns-4 is-cropped wp-block-gallery-1 is-layout-flex wp-block-gallery-is-layout-flex\">\n<figure class=\"wp-block-image size-full\"><img loading=\"lazy\" decoding=\"async\" width=\"444\" height=\"816\" data-id=\"68\" src=\"https:\/\/www.plastcenternordic.fi\/wp-content\/uploads\/2025\/02\/Nayttokuva-2025-02-10-kello-20.14.27.png\" alt=\"\" class=\"wp-image-68\" srcset=\"https:\/\/www.plastcenternordic.fi\/wp-content\/uploads\/2025\/02\/Nayttokuva-2025-02-10-kello-20.14.27.png 444w, https:\/\/www.plastcenternordic.fi\/wp-content\/uploads\/2025\/02\/Nayttokuva-2025-02-10-kello-20.14.27-163x300.png 163w\" sizes=\"auto, (max-width: 444px) 100vw, 444px\" \/><\/figure>\n\n\n\n<figure class=\"wp-block-image size-full\"><img loading=\"lazy\" decoding=\"async\" width=\"1441\" height=\"2560\" data-id=\"684\" src=\"https:\/\/www.plastcenternordic.fi\/wp-content\/uploads\/2026\/04\/max-scaled.jpg\" alt=\"\" class=\"wp-image-684\" srcset=\"https:\/\/www.plastcenternordic.fi\/wp-content\/uploads\/2026\/04\/max-scaled.jpg 1441w, https:\/\/www.plastcenternordic.fi\/wp-content\/uploads\/2026\/04\/max-169x300.jpg 169w, https:\/\/www.plastcenternordic.fi\/wp-content\/uploads\/2026\/04\/max-576x1024.jpg 576w, https:\/\/www.plastcenternordic.fi\/wp-content\/uploads\/2026\/04\/max-768x1365.jpg 768w, https:\/\/www.plastcenternordic.fi\/wp-content\/uploads\/2026\/04\/max-864x1536.jpg 864w, https:\/\/www.plastcenternordic.fi\/wp-content\/uploads\/2026\/04\/max-1153x2048.jpg 1153w\" sizes=\"auto, (max-width: 1441px) 100vw, 1441px\" \/><\/figure>\n\n\n\n<figure class=\"wp-block-image size-full\"><img loading=\"lazy\" decoding=\"async\" width=\"826\" height=\"852\" data-id=\"66\" src=\"https:\/\/www.plastcenternordic.fi\/wp-content\/uploads\/2025\/02\/Nayttokuva-2025-02-10-kello-20.15.07.png\" alt=\"\" class=\"wp-image-66\" srcset=\"https:\/\/www.plastcenternordic.fi\/wp-content\/uploads\/2025\/02\/Nayttokuva-2025-02-10-kello-20.15.07.png 826w, https:\/\/www.plastcenternordic.fi\/wp-content\/uploads\/2025\/02\/Nayttokuva-2025-02-10-kello-20.15.07-291x300.png 291w, https:\/\/www.plastcenternordic.fi\/wp-content\/uploads\/2025\/02\/Nayttokuva-2025-02-10-kello-20.15.07-768x792.png 768w\" sizes=\"auto, (max-width: 826px) 100vw, 826px\" \/><\/figure>\n\n\n\n<figure class=\"wp-block-image size-full\"><img loading=\"lazy\" decoding=\"async\" width=\"1080\" height=\"1440\" data-id=\"685\" src=\"https:\/\/www.plastcenternordic.fi\/wp-content\/uploads\/2026\/04\/Imatra.jpg\" alt=\"\" class=\"wp-image-685\" srcset=\"https:\/\/www.plastcenternordic.fi\/wp-content\/uploads\/2026\/04\/Imatra.jpg 1080w, https:\/\/www.plastcenternordic.fi\/wp-content\/uploads\/2026\/04\/Imatra-225x300.jpg 225w, https:\/\/www.plastcenternordic.fi\/wp-content\/uploads\/2026\/04\/Imatra-768x1024.jpg 768w\" sizes=\"auto, (max-width: 1080px) 100vw, 1080px\" \/><\/figure>\n\n\n\n<figure class=\"wp-block-image size-large\"><img loading=\"lazy\" decoding=\"async\" width=\"876\" height=\"1024\" data-id=\"71\" src=\"https:\/\/www.plastcenternordic.fi\/wp-content\/uploads\/2025\/02\/Nayttokuva-2025-02-10-kello-20.16.08-876x1024.png\" alt=\"\" class=\"wp-image-71\" srcset=\"https:\/\/www.plastcenternordic.fi\/wp-content\/uploads\/2025\/02\/Nayttokuva-2025-02-10-kello-20.16.08-876x1024.png 876w, https:\/\/www.plastcenternordic.fi\/wp-content\/uploads\/2025\/02\/Nayttokuva-2025-02-10-kello-20.16.08-257x300.png 257w, https:\/\/www.plastcenternordic.fi\/wp-content\/uploads\/2025\/02\/Nayttokuva-2025-02-10-kello-20.16.08-768x897.png 768w, https:\/\/www.plastcenternordic.fi\/wp-content\/uploads\/2025\/02\/Nayttokuva-2025-02-10-kello-20.16.08.png 902w\" sizes=\"auto, (max-width: 876px) 100vw, 876px\" \/><\/figure>\n\n\n\n<figure class=\"wp-block-image size-full\"><img loading=\"lazy\" decoding=\"async\" width=\"1920\" height=\"2560\" data-id=\"485\" src=\"https:\/\/www.plastcenternordic.fi\/wp-content\/uploads\/2025\/02\/jordan88-scaled.jpg\" alt=\"\" class=\"wp-image-485\" srcset=\"https:\/\/www.plastcenternordic.fi\/wp-content\/uploads\/2025\/02\/jordan88-scaled.jpg 1920w, https:\/\/www.plastcenternordic.fi\/wp-content\/uploads\/2025\/02\/jordan88-225x300.jpg 225w, https:\/\/www.plastcenternordic.fi\/wp-content\/uploads\/2025\/02\/jordan88-768x1024.jpg 768w, https:\/\/www.plastcenternordic.fi\/wp-content\/uploads\/2025\/02\/jordan88-1152x1536.jpg 1152w, https:\/\/www.plastcenternordic.fi\/wp-content\/uploads\/2025\/02\/jordan88-1536x2048.jpg 1536w\" sizes=\"auto, (max-width: 1920px) 100vw, 1920px\" \/><\/figure>\n\n\n\n<figure class=\"wp-block-image size-full\"><img loading=\"lazy\" decoding=\"async\" width=\"816\" height=\"818\" data-id=\"69\" src=\"https:\/\/www.plastcenternordic.fi\/wp-content\/uploads\/2025\/02\/Nayttokuva-2025-02-10-kello-20.14.37.png\" alt=\"\" class=\"wp-image-69\" srcset=\"https:\/\/www.plastcenternordic.fi\/wp-content\/uploads\/2025\/02\/Nayttokuva-2025-02-10-kello-20.14.37.png 816w, https:\/\/www.plastcenternordic.fi\/wp-content\/uploads\/2025\/02\/Nayttokuva-2025-02-10-kello-20.14.37-300x300.png 300w, https:\/\/www.plastcenternordic.fi\/wp-content\/uploads\/2025\/02\/Nayttokuva-2025-02-10-kello-20.14.37-150x150.png 150w, https:\/\/www.plastcenternordic.fi\/wp-content\/uploads\/2025\/02\/Nayttokuva-2025-02-10-kello-20.14.37-768x770.png 768w\" sizes=\"auto, (max-width: 816px) 100vw, 816px\" \/><\/figure>\n<\/figure>\n\n\n\n<div style=\"height:100px\" aria-hidden=\"true\" class=\"wp-block-spacer\"><\/div>\n<\/div><\/div>\n\n\n\n<div class=\"wp-block-cover alignfull is-light\" style=\"min-height:522px;aspect-ratio:unset;\"><img loading=\"lazy\" decoding=\"async\" width=\"2125\" height=\"2560\" class=\"wp-block-cover__image-background wp-image-568 size-full\" alt=\"\" src=\"https:\/\/www.plastcenternordic.fi\/wp-content\/uploads\/2025\/08\/Moller_Sanasol-1-scaled.jpeg\" style=\"object-position:46% 59%\" data-object-fit=\"cover\" data-object-position=\"46% 59%\" srcset=\"https:\/\/www.plastcenternordic.fi\/wp-content\/uploads\/2025\/08\/Moller_Sanasol-1-scaled.jpeg 2125w, https:\/\/www.plastcenternordic.fi\/wp-content\/uploads\/2025\/08\/Moller_Sanasol-1-249x300.jpeg 249w, https:\/\/www.plastcenternordic.fi\/wp-content\/uploads\/2025\/08\/Moller_Sanasol-1-850x1024.jpeg 850w, https:\/\/www.plastcenternordic.fi\/wp-content\/uploads\/2025\/08\/Moller_Sanasol-1-768x925.jpeg 768w, https:\/\/www.plastcenternordic.fi\/wp-content\/uploads\/2025\/08\/Moller_Sanasol-1-1275x1536.jpeg 1275w, https:\/\/www.plastcenternordic.fi\/wp-content\/uploads\/2025\/08\/Moller_Sanasol-1-1700x2048.jpeg 1700w\" sizes=\"auto, (max-width: 2125px) 100vw, 2125px\" \/><span aria-hidden=\"true\" class=\"wp-block-cover__background has-background-dim-0 has-background-dim\" style=\"background-color:#a28f81\"><\/span><div class=\"wp-block-cover__inner-container is-layout-flow wp-block-cover-is-layout-flow\">\n<h1 class=\"wp-block-heading has-text-align-center has-white-color has-text-color\"><\/h1>\n\n\n\n<div style=\"height:40px\" aria-hidden=\"true\" class=\"wp-block-spacer\"><\/div>\n\n\n\n<div class=\"wp-block-group\"><div class=\"wp-block-group__inner-container is-layout-flow wp-block-group-is-layout-flow\">\n<div class=\"wp-block-buttons is-content-justification-center is-layout-flex wp-container-core-buttons-is-layout-16018d1d wp-block-buttons-is-layout-flex\"><\/div>\n<\/div><\/div>\n<\/div><\/div>\n\n\n\n<div style=\"height:74px\" aria-hidden=\"true\" class=\"wp-block-spacer\"><\/div>\n\n\n\n<div class=\"wp-block-group\"><div class=\"wp-block-group__inner-container is-layout-flow wp-block-group-is-layout-flow\">\n<figure class=\"wp-block-gallery has-nested-images columns-4 is-cropped wp-block-gallery-2 is-layout-flex wp-block-gallery-is-layout-flex\">\n<figure class=\"wp-block-image size-full\"><img loading=\"lazy\" decoding=\"async\" width=\"442\" height=\"830\" data-id=\"73\" src=\"https:\/\/www.plastcenternordic.fi\/wp-content\/uploads\/2025\/02\/Nayttokuva-2025-02-10-kello-20.14.20.png\" alt=\"\" class=\"wp-image-73\" srcset=\"https:\/\/www.plastcenternordic.fi\/wp-content\/uploads\/2025\/02\/Nayttokuva-2025-02-10-kello-20.14.20.png 442w, https:\/\/www.plastcenternordic.fi\/wp-content\/uploads\/2025\/02\/Nayttokuva-2025-02-10-kello-20.14.20-160x300.png 160w\" sizes=\"auto, (max-width: 442px) 100vw, 442px\" \/><\/figure>\n\n\n\n<figure class=\"wp-block-image size-full\"><img loading=\"lazy\" decoding=\"async\" width=\"1920\" height=\"2560\" data-id=\"484\" src=\"https:\/\/www.plastcenternordic.fi\/wp-content\/uploads\/2025\/02\/gondola16-scaled.jpeg\" alt=\"\" class=\"wp-image-484\" srcset=\"https:\/\/www.plastcenternordic.fi\/wp-content\/uploads\/2025\/02\/gondola16-scaled.jpeg 1920w, https:\/\/www.plastcenternordic.fi\/wp-content\/uploads\/2025\/02\/gondola16-225x300.jpeg 225w, https:\/\/www.plastcenternordic.fi\/wp-content\/uploads\/2025\/02\/gondola16-768x1024.jpeg 768w, https:\/\/www.plastcenternordic.fi\/wp-content\/uploads\/2025\/02\/gondola16-1152x1536.jpeg 1152w, https:\/\/www.plastcenternordic.fi\/wp-content\/uploads\/2025\/02\/gondola16-1536x2048.jpeg 1536w\" sizes=\"auto, (max-width: 1920px) 100vw, 1920px\" \/><\/figure>\n\n\n\n<figure class=\"wp-block-image size-full\"><img loading=\"lazy\" decoding=\"async\" width=\"1920\" height=\"2560\" data-id=\"686\" src=\"https:\/\/www.plastcenternordic.fi\/wp-content\/uploads\/2026\/04\/puu-scaled.jpg\" alt=\"\" class=\"wp-image-686\" srcset=\"https:\/\/www.plastcenternordic.fi\/wp-content\/uploads\/2026\/04\/puu-scaled.jpg 1920w, https:\/\/www.plastcenternordic.fi\/wp-content\/uploads\/2026\/04\/puu-225x300.jpg 225w, https:\/\/www.plastcenternordic.fi\/wp-content\/uploads\/2026\/04\/puu-768x1024.jpg 768w, https:\/\/www.plastcenternordic.fi\/wp-content\/uploads\/2026\/04\/puu-1152x1536.jpg 1152w, https:\/\/www.plastcenternordic.fi\/wp-content\/uploads\/2026\/04\/puu-1536x2048.jpg 1536w\" sizes=\"auto, (max-width: 1920px) 100vw, 1920px\" \/><\/figure>\n\n\n\n<figure class=\"wp-block-image size-full\"><img loading=\"lazy\" decoding=\"async\" width=\"1920\" height=\"2560\" data-id=\"482\" src=\"https:\/\/www.plastcenternordic.fi\/wp-content\/uploads\/2025\/02\/L300_new58-1-scaled.jpeg\" alt=\"\" class=\"wp-image-482\" srcset=\"https:\/\/www.plastcenternordic.fi\/wp-content\/uploads\/2025\/02\/L300_new58-1-scaled.jpeg 1920w, https:\/\/www.plastcenternordic.fi\/wp-content\/uploads\/2025\/02\/L300_new58-1-225x300.jpeg 225w, https:\/\/www.plastcenternordic.fi\/wp-content\/uploads\/2025\/02\/L300_new58-1-768x1024.jpeg 768w, https:\/\/www.plastcenternordic.fi\/wp-content\/uploads\/2025\/02\/L300_new58-1-1152x1536.jpeg 1152w, https:\/\/www.plastcenternordic.fi\/wp-content\/uploads\/2025\/02\/L300_new58-1-1536x2048.jpeg 1536w\" sizes=\"auto, (max-width: 1920px) 100vw, 1920px\" \/><\/figure>\n<\/figure>\n<\/div><\/div>\n\n\n\n<div style=\"height:100px\" aria-hidden=\"true\" class=\"wp-block-spacer\"><\/div>\n","protected":false},"excerpt":{"rendered":"<p>Houkuttelevat myym\u00e4l\u00e4esillepanot ja n\u00e4ytt\u00e4v\u00e4t rakenteet \u2013 voimaa myyntiin Myym\u00e4l\u00e4kalusteilla ja tuotteiden esillepanoilla on merkitt\u00e4v\u00e4 vaikutus myyntisi edist\u00e4miseen. Olemme suunnitelleet ja toteuttaneet paljon erikokoisia myym\u00e4l\u00e4modulien br\u00e4nd\u00e4yksi\u00e4 sek\u00e4 t\u00e4ysin uusiamyym\u00e4l\u00e4kalusteita ja -ratkaisuja. Saat kauttamme n\u00e4ytt\u00e4v\u00e4t kokonaisuudet, esillepanot, telineet sek\u00e4 myyntipaikkasomistuksen. Tunnemme jakelutien monet mahdollisuudet ja autamme sinua rakentamaan n\u00e4ytt\u00e4v\u00e4t materiaalit aina suunnittelusta tuotantoon.<\/p>\n","protected":false},"author":1,"featured_media":0,"parent":0,"menu_order":0,"comment_status":"closed","ping_status":"closed","template":"","meta":{"neve_meta_sidebar":"","neve_meta_container":"","neve_meta_enable_content_width":"","neve_meta_content_width":0,"neve_meta_title_alignment":"","neve_meta_author_avatar":"","neve_post_elements_order":"","neve_meta_disable_header":"","neve_meta_disable_footer":"","neve_meta_disable_title":"","neve_meta_reading_time":"","footnotes":""},"class_list":["post-59","page","type-page","status-publish","hentry"],"yoast_head":"<!-- This site is optimized with the Yoast SEO plugin v27.4 - https:\/\/yoast.com\/product\/yoast-seo-wordpress\/ -->\n<title>Myym\u00e4l\u00e4ratkaisut - Plastcenter Nordic Oy<\/title>\n<meta name=\"robots\" content=\"index, follow, max-snippet:-1, max-image-preview:large, max-video-preview:-1\" \/>\n<link rel=\"canonical\" href=\"https:\/\/www.plastcenternordic.fi\/?page_id=59\" \/>\n<meta property=\"og:locale\" content=\"fi_FI\" \/>\n<meta property=\"og:type\" content=\"article\" \/>\n<meta property=\"og:title\" content=\"Myym\u00e4l\u00e4ratkaisut - Plastcenter Nordic Oy\" \/>\n<meta property=\"og:description\" content=\"Houkuttelevat myym\u00e4l\u00e4esillepanot ja n\u00e4ytt\u00e4v\u00e4t rakenteet \u2013 voimaa myyntiin Myym\u00e4l\u00e4kalusteilla ja tuotteiden esillepanoilla on merkitt\u00e4v\u00e4 vaikutus myyntisi edist\u00e4miseen. Olemme suunnitelleet ja toteuttaneet paljon erikokoisia myym\u00e4l\u00e4modulien br\u00e4nd\u00e4yksi\u00e4 sek\u00e4 t\u00e4ysin uusiamyym\u00e4l\u00e4kalusteita ja -ratkaisuja. Saat kauttamme n\u00e4ytt\u00e4v\u00e4t kokonaisuudet, esillepanot, telineet sek\u00e4 myyntipaikkasomistuksen. Tunnemme jakelutien monet mahdollisuudet ja autamme sinua rakentamaan n\u00e4ytt\u00e4v\u00e4t materiaalit aina suunnittelusta tuotantoon.\" \/>\n<meta property=\"og:url\" content=\"https:\/\/www.plastcenternordic.fi\/?page_id=59\" \/>\n<meta property=\"og:site_name\" content=\"Plastcenter Nordic Oy\" \/>\n<meta property=\"article:modified_time\" content=\"2026-04-09T09:38:40+00:00\" \/>\n<meta property=\"og:image\" content=\"https:\/\/www.plastcenternordic.fi\/wp-content\/uploads\/2025\/02\/Chiquita.jpg\" \/>\n\t<meta property=\"og:image:width\" content=\"918\" \/>\n\t<meta property=\"og:image:height\" content=\"1012\" \/>\n\t<meta property=\"og:image:type\" content=\"image\/jpeg\" \/>\n<meta name=\"twitter:card\" content=\"summary_large_image\" \/>\n<meta name=\"twitter:label1\" content=\"Arvioitu lukuaika\" \/>\n\t<meta name=\"twitter:data1\" content=\"3 minuuttia\" \/>\n<script type=\"application\/ld+json\" class=\"yoast-schema-graph\">{\"@context\":\"https:\\\/\\\/schema.org\",\"@graph\":[{\"@type\":\"WebPage\",\"@id\":\"https:\\\/\\\/www.plastcenternordic.fi\\\/?page_id=59\",\"url\":\"https:\\\/\\\/www.plastcenternordic.fi\\\/?page_id=59\",\"name\":\"Myym\u00e4l\u00e4ratkaisut - Plastcenter Nordic Oy\",\"isPartOf\":{\"@id\":\"https:\\\/\\\/www.plastcenternordic.fi\\\/#website\"},\"primaryImageOfPage\":{\"@id\":\"https:\\\/\\\/www.plastcenternordic.fi\\\/?page_id=59#primaryimage\"},\"image\":{\"@id\":\"https:\\\/\\\/www.plastcenternordic.fi\\\/?page_id=59#primaryimage\"},\"thumbnailUrl\":\"https:\\\/\\\/www.plastcenternordic.fi\\\/wp-content\\\/uploads\\\/2025\\\/02\\\/Chiquita.jpg\",\"datePublished\":\"2025-02-10T18:10:27+00:00\",\"dateModified\":\"2026-04-09T09:38:40+00:00\",\"breadcrumb\":{\"@id\":\"https:\\\/\\\/www.plastcenternordic.fi\\\/?page_id=59#breadcrumb\"},\"inLanguage\":\"fi\",\"potentialAction\":[{\"@type\":\"ReadAction\",\"target\":[\"https:\\\/\\\/www.plastcenternordic.fi\\\/?page_id=59\"]}]},{\"@type\":\"ImageObject\",\"inLanguage\":\"fi\",\"@id\":\"https:\\\/\\\/www.plastcenternordic.fi\\\/?page_id=59#primaryimage\",\"url\":\"https:\\\/\\\/www.plastcenternordic.fi\\\/wp-content\\\/uploads\\\/2025\\\/02\\\/Chiquita.jpg\",\"contentUrl\":\"https:\\\/\\\/www.plastcenternordic.fi\\\/wp-content\\\/uploads\\\/2025\\\/02\\\/Chiquita.jpg\",\"width\":918,\"height\":1012,\"caption\":\"Screenshot\"},{\"@type\":\"BreadcrumbList\",\"@id\":\"https:\\\/\\\/www.plastcenternordic.fi\\\/?page_id=59#breadcrumb\",\"itemListElement\":[{\"@type\":\"ListItem\",\"position\":1,\"name\":\"Etusivu\",\"item\":\"https:\\\/\\\/www.plastcenternordic.fi\\\/\"},{\"@type\":\"ListItem\",\"position\":2,\"name\":\"Myym\u00e4l\u00e4ratkaisut\"}]},{\"@type\":\"WebSite\",\"@id\":\"https:\\\/\\\/www.plastcenternordic.fi\\\/#website\",\"url\":\"https:\\\/\\\/www.plastcenternordic.fi\\\/\",\"name\":\"Plastcenter Nordic Oy\",\"description\":\"\",\"publisher\":{\"@id\":\"https:\\\/\\\/www.plastcenternordic.fi\\\/#organization\"},\"potentialAction\":[{\"@type\":\"SearchAction\",\"target\":{\"@type\":\"EntryPoint\",\"urlTemplate\":\"https:\\\/\\\/www.plastcenternordic.fi\\\/?s={search_term_string}\"},\"query-input\":{\"@type\":\"PropertyValueSpecification\",\"valueRequired\":true,\"valueName\":\"search_term_string\"}}],\"inLanguage\":\"fi\"},{\"@type\":\"Organization\",\"@id\":\"https:\\\/\\\/www.plastcenternordic.fi\\\/#organization\",\"name\":\"Plastcenter Nordic Oy\",\"url\":\"https:\\\/\\\/www.plastcenternordic.fi\\\/\",\"logo\":{\"@type\":\"ImageObject\",\"inLanguage\":\"fi\",\"@id\":\"https:\\\/\\\/www.plastcenternordic.fi\\\/#\\\/schema\\\/logo\\\/image\\\/\",\"url\":\"https:\\\/\\\/www.plastcenternordic.fi\\\/wp-content\\\/uploads\\\/2025\\\/02\\\/Plastcenter_logo.png\",\"contentUrl\":\"https:\\\/\\\/www.plastcenternordic.fi\\\/wp-content\\\/uploads\\\/2025\\\/02\\\/Plastcenter_logo.png\",\"width\":357,\"height\":48,\"caption\":\"Plastcenter Nordic Oy\"},\"image\":{\"@id\":\"https:\\\/\\\/www.plastcenternordic.fi\\\/#\\\/schema\\\/logo\\\/image\\\/\"}}]}<\/script>\n<!-- \/ Yoast SEO plugin. -->","yoast_head_json":{"title":"Myym\u00e4l\u00e4ratkaisut - Plastcenter Nordic Oy","robots":{"index":"index","follow":"follow","max-snippet":"max-snippet:-1","max-image-preview":"max-image-preview:large","max-video-preview":"max-video-preview:-1"},"canonical":"https:\/\/www.plastcenternordic.fi\/?page_id=59","og_locale":"fi_FI","og_type":"article","og_title":"Myym\u00e4l\u00e4ratkaisut - Plastcenter Nordic Oy","og_description":"Houkuttelevat myym\u00e4l\u00e4esillepanot ja n\u00e4ytt\u00e4v\u00e4t rakenteet \u2013 voimaa myyntiin Myym\u00e4l\u00e4kalusteilla ja tuotteiden esillepanoilla on merkitt\u00e4v\u00e4 vaikutus myyntisi edist\u00e4miseen. Olemme suunnitelleet ja toteuttaneet paljon erikokoisia myym\u00e4l\u00e4modulien br\u00e4nd\u00e4yksi\u00e4 sek\u00e4 t\u00e4ysin uusiamyym\u00e4l\u00e4kalusteita ja -ratkaisuja. Saat kauttamme n\u00e4ytt\u00e4v\u00e4t kokonaisuudet, esillepanot, telineet sek\u00e4 myyntipaikkasomistuksen. Tunnemme jakelutien monet mahdollisuudet ja autamme sinua rakentamaan n\u00e4ytt\u00e4v\u00e4t materiaalit aina suunnittelusta tuotantoon.","og_url":"https:\/\/www.plastcenternordic.fi\/?page_id=59","og_site_name":"Plastcenter Nordic Oy","article_modified_time":"2026-04-09T09:38:40+00:00","og_image":[{"width":918,"height":1012,"url":"https:\/\/www.plastcenternordic.fi\/wp-content\/uploads\/2025\/02\/Chiquita.jpg","type":"image\/jpeg"}],"twitter_card":"summary_large_image","twitter_misc":{"Arvioitu lukuaika":"3 minuuttia"},"schema":{"@context":"https:\/\/schema.org","@graph":[{"@type":"WebPage","@id":"https:\/\/www.plastcenternordic.fi\/?page_id=59","url":"https:\/\/www.plastcenternordic.fi\/?page_id=59","name":"Myym\u00e4l\u00e4ratkaisut - Plastcenter Nordic Oy","isPartOf":{"@id":"https:\/\/www.plastcenternordic.fi\/#website"},"primaryImageOfPage":{"@id":"https:\/\/www.plastcenternordic.fi\/?page_id=59#primaryimage"},"image":{"@id":"https:\/\/www.plastcenternordic.fi\/?page_id=59#primaryimage"},"thumbnailUrl":"https:\/\/www.plastcenternordic.fi\/wp-content\/uploads\/2025\/02\/Chiquita.jpg","datePublished":"2025-02-10T18:10:27+00:00","dateModified":"2026-04-09T09:38:40+00:00","breadcrumb":{"@id":"https:\/\/www.plastcenternordic.fi\/?page_id=59#breadcrumb"},"inLanguage":"fi","potentialAction":[{"@type":"ReadAction","target":["https:\/\/www.plastcenternordic.fi\/?page_id=59"]}]},{"@type":"ImageObject","inLanguage":"fi","@id":"https:\/\/www.plastcenternordic.fi\/?page_id=59#primaryimage","url":"https:\/\/www.plastcenternordic.fi\/wp-content\/uploads\/2025\/02\/Chiquita.jpg","contentUrl":"https:\/\/www.plastcenternordic.fi\/wp-content\/uploads\/2025\/02\/Chiquita.jpg","width":918,"height":1012,"caption":"Screenshot"},{"@type":"BreadcrumbList","@id":"https:\/\/www.plastcenternordic.fi\/?page_id=59#breadcrumb","itemListElement":[{"@type":"ListItem","position":1,"name":"Etusivu","item":"https:\/\/www.plastcenternordic.fi\/"},{"@type":"ListItem","position":2,"name":"Myym\u00e4l\u00e4ratkaisut"}]},{"@type":"WebSite","@id":"https:\/\/www.plastcenternordic.fi\/#website","url":"https:\/\/www.plastcenternordic.fi\/","name":"Plastcenter Nordic Oy","description":"","publisher":{"@id":"https:\/\/www.plastcenternordic.fi\/#organization"},"potentialAction":[{"@type":"SearchAction","target":{"@type":"EntryPoint","urlTemplate":"https:\/\/www.plastcenternordic.fi\/?s={search_term_string}"},"query-input":{"@type":"PropertyValueSpecification","valueRequired":true,"valueName":"search_term_string"}}],"inLanguage":"fi"},{"@type":"Organization","@id":"https:\/\/www.plastcenternordic.fi\/#organization","name":"Plastcenter Nordic Oy","url":"https:\/\/www.plastcenternordic.fi\/","logo":{"@type":"ImageObject","inLanguage":"fi","@id":"https:\/\/www.plastcenternordic.fi\/#\/schema\/logo\/image\/","url":"https:\/\/www.plastcenternordic.fi\/wp-content\/uploads\/2025\/02\/Plastcenter_logo.png","contentUrl":"https:\/\/www.plastcenternordic.fi\/wp-content\/uploads\/2025\/02\/Plastcenter_logo.png","width":357,"height":48,"caption":"Plastcenter Nordic Oy"},"image":{"@id":"https:\/\/www.plastcenternordic.fi\/#\/schema\/logo\/image\/"}}]}},"_links":{"self":[{"href":"https:\/\/www.plastcenternordic.fi\/index.php?rest_route=\/wp\/v2\/pages\/59","targetHints":{"allow":["GET"]}}],"collection":[{"href":"https:\/\/www.plastcenternordic.fi\/index.php?rest_route=\/wp\/v2\/pages"}],"about":[{"href":"https:\/\/www.plastcenternordic.fi\/index.php?rest_route=\/wp\/v2\/types\/page"}],"author":[{"embeddable":true,"href":"https:\/\/www.plastcenternordic.fi\/index.php?rest_route=\/wp\/v2\/users\/1"}],"replies":[{"embeddable":true,"href":"https:\/\/www.plastcenternordic.fi\/index.php?rest_route=%2Fwp%2Fv2%2Fcomments&post=59"}],"version-history":[{"count":20,"href":"https:\/\/www.plastcenternordic.fi\/index.php?rest_route=\/wp\/v2\/pages\/59\/revisions"}],"predecessor-version":[{"id":687,"href":"https:\/\/www.plastcenternordic.fi\/index.php?rest_route=\/wp\/v2\/pages\/59\/revisions\/687"}],"wp:attachment":[{"href":"https:\/\/www.plastcenternordic.fi\/index.php?rest_route=%2Fwp%2Fv2%2Fmedia&parent=59"}],"curies":[{"name":"wp","href":"https:\/\/api.w.org\/{rel}","templated":true}]}}