{"id":91,"date":"2025-02-10T18:32:14","date_gmt":"2025-02-10T18:32:14","guid":{"rendered":"https:\/\/www.plastcenternordic.fi\/?page_id=91"},"modified":"2026-04-09T09:40:32","modified_gmt":"2026-04-09T09:40:32","slug":"telineet","status":"publish","type":"page","link":"https:\/\/www.plastcenternordic.fi\/?page_id=91","title":{"rendered":"Telineet"},"content":{"rendered":"\n<div style=\"height:100px\" aria-hidden=\"true\" class=\"wp-block-spacer\"><\/div>\n\n\n\n<div class=\"wp-block-columns is-layout-flex wp-container-core-columns-is-layout-9d6595d7 wp-block-columns-is-layout-flex\">\n<div class=\"wp-block-column is-layout-flow wp-block-column-is-layout-flow\">\n<figure class=\"wp-block-image size-full\"><img loading=\"lazy\" decoding=\"async\" width=\"918\" height=\"1012\" src=\"https:\/\/www.plastcenternordic.fi\/wp-content\/uploads\/2025\/02\/Telineet_tuotesivu.jpg\" alt=\"\" class=\"wp-image-336\" srcset=\"https:\/\/www.plastcenternordic.fi\/wp-content\/uploads\/2025\/02\/Telineet_tuotesivu.jpg 918w, https:\/\/www.plastcenternordic.fi\/wp-content\/uploads\/2025\/02\/Telineet_tuotesivu-272x300.jpg 272w, https:\/\/www.plastcenternordic.fi\/wp-content\/uploads\/2025\/02\/Telineet_tuotesivu-768x847.jpg 768w\" sizes=\"auto, (max-width: 918px) 100vw, 918px\" \/><\/figure>\n<\/div>\n\n\n\n<div class=\"wp-block-column is-vertically-aligned-center is-layout-flow wp-block-column-is-layout-flow\">\n<h2 class=\"wp-block-heading\">Telineet, jotka erottuvat \u2013 N\u00e4kyvyytt\u00e4 lattioilta p\u00f6yt\u00e4pinnoille<\/h2>\n\n\n\n<p>Etsitk\u00f6 ratkaisua, joka tuo tuotteesi n\u00e4kyviin ja houkuttelee asiakkaita? Meilt\u00e4 saat r\u00e4\u00e4t\u00e4l\u00f6idyt telineet, jotka nostavat tuotteesi esille sek\u00e4 lattioilla ett\u00e4 tiskeill\u00e4! Suunnittelemme ja toteutamme telineet, jotka yhdist\u00e4v\u00e4t k\u00e4yt\u00e4nn\u00f6llisyyden ja visuaalisen ilmeen \u2013 aina br\u00e4ndisi mukaisesti. Olipa kyseess\u00e4 pieni p\u00f6yt\u00e4teline tai suuri lattiateline, me luomme n\u00e4ytt\u00e4vi\u00e4 ja tehokkaita ratkaisuja, jotka viev\u00e4t tuotteesi asiakkaiden keskuuteen ja edist\u00e4v\u00e4t myynti\u00e4.<\/p>\n\n\n\n<p>Tuotantomme on huippuluokkaa, ja sen ansiosta pystymme toteuttamaan jopa erikoisimmat materiaalit ja rakenteet n\u00e4ytt\u00e4viksi ja kest\u00e4viksi telineratkaisuiksi. Meill\u00e4 on vahva osaaminen ja kokemusta erilaisten materiaalien, kuten akryylin, kartongin, metallin ja puun k\u00e4sittelyst\u00e4. <\/p>\n\n\n\n<div class=\"wp-block-buttons is-layout-flex wp-block-buttons-is-layout-flex\">\n<div class=\"wp-block-button is-style-primary\"><a class=\"wp-block-button__link wp-element-button\" href=\"https:\/\/www.plastcenternordic.fi\/?page_id=24\">Ota yhteytt\u00e4!<\/a><\/div>\n<\/div>\n<\/div>\n<\/div>\n\n\n\n<div style=\"height:100px\" aria-hidden=\"true\" class=\"wp-block-spacer\"><\/div>\n\n\n\n<div class=\"wp-block-group\"><div class=\"wp-block-group__inner-container is-layout-flow wp-block-group-is-layout-flow\">\n<figure class=\"wp-block-gallery has-nested-images columns-4 is-cropped wp-block-gallery-1 is-layout-flex wp-block-gallery-is-layout-flex\">\n<figure class=\"wp-block-image size-large\"><img loading=\"lazy\" decoding=\"async\" width=\"574\" height=\"686\" data-id=\"48\" src=\"https:\/\/www.plastcenternordic.fi\/wp-content\/uploads\/2025\/02\/Lattiateline_etusivu.jpg\" alt=\"\" class=\"wp-image-48\" srcset=\"https:\/\/www.plastcenternordic.fi\/wp-content\/uploads\/2025\/02\/Lattiateline_etusivu.jpg 574w, https:\/\/www.plastcenternordic.fi\/wp-content\/uploads\/2025\/02\/Lattiateline_etusivu-251x300.jpg 251w\" sizes=\"auto, (max-width: 574px) 100vw, 574px\" \/><\/figure>\n\n\n\n<figure class=\"wp-block-image size-large\"><img loading=\"lazy\" decoding=\"async\" width=\"574\" height=\"686\" data-id=\"49\" src=\"https:\/\/www.plastcenternordic.fi\/wp-content\/uploads\/2025\/02\/Poytateline_etusivu.jpg\" alt=\"\" class=\"wp-image-49\" srcset=\"https:\/\/www.plastcenternordic.fi\/wp-content\/uploads\/2025\/02\/Poytateline_etusivu.jpg 574w, https:\/\/www.plastcenternordic.fi\/wp-content\/uploads\/2025\/02\/Poytateline_etusivu-251x300.jpg 251w\" sizes=\"auto, (max-width: 574px) 100vw, 574px\" \/><\/figure>\n\n\n\n<figure class=\"wp-block-image size-full\"><img loading=\"lazy\" decoding=\"async\" width=\"918\" height=\"1012\" data-id=\"364\" src=\"https:\/\/www.plastcenternordic.fi\/wp-content\/uploads\/2025\/02\/Chiquita-1.jpg\" alt=\"\" class=\"wp-image-364\" srcset=\"https:\/\/www.plastcenternordic.fi\/wp-content\/uploads\/2025\/02\/Chiquita-1.jpg 918w, https:\/\/www.plastcenternordic.fi\/wp-content\/uploads\/2025\/02\/Chiquita-1-272x300.jpg 272w, https:\/\/www.plastcenternordic.fi\/wp-content\/uploads\/2025\/02\/Chiquita-1-768x847.jpg 768w\" sizes=\"auto, (max-width: 918px) 100vw, 918px\" \/><\/figure>\n\n\n\n<figure class=\"wp-block-image size-large\"><img loading=\"lazy\" decoding=\"async\" width=\"704\" height=\"1000\" data-id=\"147\" src=\"https:\/\/www.plastcenternordic.fi\/wp-content\/uploads\/2025\/02\/Nayttokuva-2025-02-10-kello-21.14.57.png\" alt=\"\" class=\"wp-image-147\" srcset=\"https:\/\/www.plastcenternordic.fi\/wp-content\/uploads\/2025\/02\/Nayttokuva-2025-02-10-kello-21.14.57.png 704w, https:\/\/www.plastcenternordic.fi\/wp-content\/uploads\/2025\/02\/Nayttokuva-2025-02-10-kello-21.14.57-211x300.png 211w\" sizes=\"auto, (max-width: 704px) 100vw, 704px\" \/><\/figure>\n<\/figure>\n<\/div><\/div>\n\n\n\n<div style=\"height:20px\" aria-hidden=\"true\" class=\"wp-block-spacer\"><\/div>\n\n\n\n<div class=\"wp-block-group\"><div class=\"wp-block-group__inner-container is-layout-flow wp-block-group-is-layout-flow\">\n<figure class=\"wp-block-gallery has-nested-images columns-4 is-cropped wp-block-gallery-2 is-layout-flex wp-block-gallery-is-layout-flex\">\n<figure class=\"wp-block-image size-full\"><img loading=\"lazy\" decoding=\"async\" width=\"918\" height=\"1012\" data-id=\"336\" src=\"https:\/\/www.plastcenternordic.fi\/wp-content\/uploads\/2025\/02\/Telineet_tuotesivu.jpg\" alt=\"\" class=\"wp-image-336\" srcset=\"https:\/\/www.plastcenternordic.fi\/wp-content\/uploads\/2025\/02\/Telineet_tuotesivu.jpg 918w, https:\/\/www.plastcenternordic.fi\/wp-content\/uploads\/2025\/02\/Telineet_tuotesivu-272x300.jpg 272w, https:\/\/www.plastcenternordic.fi\/wp-content\/uploads\/2025\/02\/Telineet_tuotesivu-768x847.jpg 768w\" sizes=\"auto, (max-width: 918px) 100vw, 918px\" \/><\/figure>\n\n\n\n<figure class=\"wp-block-image size-full\"><img loading=\"lazy\" decoding=\"async\" width=\"918\" height=\"1012\" data-id=\"64\" src=\"https:\/\/www.plastcenternordic.fi\/wp-content\/uploads\/2025\/02\/Myymala.jpg\" alt=\"\" class=\"wp-image-64\" srcset=\"https:\/\/www.plastcenternordic.fi\/wp-content\/uploads\/2025\/02\/Myymala.jpg 918w, https:\/\/www.plastcenternordic.fi\/wp-content\/uploads\/2025\/02\/Myymala-272x300.jpg 272w, https:\/\/www.plastcenternordic.fi\/wp-content\/uploads\/2025\/02\/Myymala-768x847.jpg 768w\" sizes=\"auto, (max-width: 918px) 100vw, 918px\" \/><\/figure>\n\n\n\n<figure class=\"wp-block-image size-full\"><img loading=\"lazy\" decoding=\"async\" width=\"436\" height=\"850\" data-id=\"143\" src=\"https:\/\/www.plastcenternordic.fi\/wp-content\/uploads\/2025\/02\/Nayttokuva-2025-02-10-kello-21.14.14.png\" alt=\"\" class=\"wp-image-143\" srcset=\"https:\/\/www.plastcenternordic.fi\/wp-content\/uploads\/2025\/02\/Nayttokuva-2025-02-10-kello-21.14.14.png 436w, https:\/\/www.plastcenternordic.fi\/wp-content\/uploads\/2025\/02\/Nayttokuva-2025-02-10-kello-21.14.14-154x300.png 154w\" sizes=\"auto, (max-width: 436px) 100vw, 436px\" \/><\/figure>\n\n\n\n<figure class=\"wp-block-image size-large\"><img loading=\"lazy\" decoding=\"async\" width=\"692\" height=\"952\" data-id=\"157\" src=\"https:\/\/www.plastcenternordic.fi\/wp-content\/uploads\/2025\/02\/Nayttokuva-2025-02-10-kello-21.15.13.png\" alt=\"\" class=\"wp-image-157\" srcset=\"https:\/\/www.plastcenternordic.fi\/wp-content\/uploads\/2025\/02\/Nayttokuva-2025-02-10-kello-21.15.13.png 692w, https:\/\/www.plastcenternordic.fi\/wp-content\/uploads\/2025\/02\/Nayttokuva-2025-02-10-kello-21.15.13-218x300.png 218w\" sizes=\"auto, (max-width: 692px) 100vw, 692px\" \/><\/figure>\n<\/figure>\n\n\n\n<div style=\"height:20px\" aria-hidden=\"true\" class=\"wp-block-spacer\"><\/div>\n\n\n\n<div class=\"wp-block-group\"><div class=\"wp-block-group__inner-container is-layout-flow wp-block-group-is-layout-flow\">\n<figure class=\"wp-block-gallery has-nested-images columns-4 is-cropped wp-block-gallery-3 is-layout-flex wp-block-gallery-is-layout-flex\">\n<figure class=\"wp-block-image size-large\"><img loading=\"lazy\" decoding=\"async\" width=\"768\" height=\"1024\" data-id=\"689\" src=\"https:\/\/www.plastcenternordic.fi\/wp-content\/uploads\/2026\/04\/puu-1-768x1024.jpg\" alt=\"\" class=\"wp-image-689\" srcset=\"https:\/\/www.plastcenternordic.fi\/wp-content\/uploads\/2026\/04\/puu-1-768x1024.jpg 768w, https:\/\/www.plastcenternordic.fi\/wp-content\/uploads\/2026\/04\/puu-1-225x300.jpg 225w, https:\/\/www.plastcenternordic.fi\/wp-content\/uploads\/2026\/04\/puu-1-1152x1536.jpg 1152w, https:\/\/www.plastcenternordic.fi\/wp-content\/uploads\/2026\/04\/puu-1-1536x2048.jpg 1536w, https:\/\/www.plastcenternordic.fi\/wp-content\/uploads\/2026\/04\/puu-1-scaled.jpg 1920w\" sizes=\"auto, (max-width: 768px) 100vw, 768px\" \/><\/figure>\n\n\n\n<figure class=\"wp-block-image size-large\"><img loading=\"lazy\" decoding=\"async\" width=\"768\" height=\"1024\" data-id=\"485\" src=\"https:\/\/www.plastcenternordic.fi\/wp-content\/uploads\/2025\/02\/jordan88-768x1024.jpg\" alt=\"Plasctcenter, painopalvelut, myym\u00e4l\u00e4materiaalit, POS-materiaalit, esillepanot\" class=\"wp-image-485\" srcset=\"https:\/\/www.plastcenternordic.fi\/wp-content\/uploads\/2025\/02\/jordan88-768x1024.jpg 768w, https:\/\/www.plastcenternordic.fi\/wp-content\/uploads\/2025\/02\/jordan88-225x300.jpg 225w, https:\/\/www.plastcenternordic.fi\/wp-content\/uploads\/2025\/02\/jordan88-1152x1536.jpg 1152w, https:\/\/www.plastcenternordic.fi\/wp-content\/uploads\/2025\/02\/jordan88-1536x2048.jpg 1536w, https:\/\/www.plastcenternordic.fi\/wp-content\/uploads\/2025\/02\/jordan88-scaled.jpg 1920w\" sizes=\"auto, (max-width: 768px) 100vw, 768px\" \/><\/figure>\n\n\n\n<figure class=\"wp-block-image size-large\"><img loading=\"lazy\" decoding=\"async\" width=\"768\" height=\"1024\" data-id=\"690\" src=\"https:\/\/www.plastcenternordic.fi\/wp-content\/uploads\/2026\/04\/vitamiini-768x1024.jpg\" alt=\"\" class=\"wp-image-690\" srcset=\"https:\/\/www.plastcenternordic.fi\/wp-content\/uploads\/2026\/04\/vitamiini-768x1024.jpg 768w, https:\/\/www.plastcenternordic.fi\/wp-content\/uploads\/2026\/04\/vitamiini-225x300.jpg 225w, https:\/\/www.plastcenternordic.fi\/wp-content\/uploads\/2026\/04\/vitamiini-1152x1536.jpg 1152w, https:\/\/www.plastcenternordic.fi\/wp-content\/uploads\/2026\/04\/vitamiini-1536x2048.jpg 1536w, https:\/\/www.plastcenternordic.fi\/wp-content\/uploads\/2026\/04\/vitamiini-scaled.jpg 1920w\" sizes=\"auto, (max-width: 768px) 100vw, 768px\" \/><\/figure>\n\n\n\n<figure class=\"wp-block-image size-large\"><img loading=\"lazy\" decoding=\"async\" width=\"768\" height=\"1024\" data-id=\"482\" src=\"https:\/\/www.plastcenternordic.fi\/wp-content\/uploads\/2025\/02\/L300_new58-1-768x1024.jpeg\" alt=\"\" class=\"wp-image-482\" srcset=\"https:\/\/www.plastcenternordic.fi\/wp-content\/uploads\/2025\/02\/L300_new58-1-768x1024.jpeg 768w, https:\/\/www.plastcenternordic.fi\/wp-content\/uploads\/2025\/02\/L300_new58-1-225x300.jpeg 225w, https:\/\/www.plastcenternordic.fi\/wp-content\/uploads\/2025\/02\/L300_new58-1-1152x1536.jpeg 1152w, https:\/\/www.plastcenternordic.fi\/wp-content\/uploads\/2025\/02\/L300_new58-1-1536x2048.jpeg 1536w, https:\/\/www.plastcenternordic.fi\/wp-content\/uploads\/2025\/02\/L300_new58-1-scaled.jpeg 1920w\" sizes=\"auto, (max-width: 768px) 100vw, 768px\" \/><\/figure>\n<\/figure>\n<\/div><\/div>\n<\/div><\/div>\n\n\n\n<div style=\"height:20px\" aria-hidden=\"true\" class=\"wp-block-spacer\"><\/div>\n\n\n\n<div style=\"height:19px\" aria-hidden=\"true\" class=\"wp-block-spacer\"><\/div>\n\n\n\n<div style=\"height:100px\" aria-hidden=\"true\" class=\"wp-block-spacer\"><\/div>\n","protected":false},"excerpt":{"rendered":"<p>Telineet, jotka erottuvat \u2013 N\u00e4kyvyytt\u00e4 lattioilta p\u00f6yt\u00e4pinnoille Etsitk\u00f6 ratkaisua, joka tuo tuotteesi n\u00e4kyviin ja houkuttelee asiakkaita? Meilt\u00e4 saat r\u00e4\u00e4t\u00e4l\u00f6idyt telineet, jotka nostavat tuotteesi esille sek\u00e4 lattioilla ett\u00e4 tiskeill\u00e4! Suunnittelemme ja toteutamme telineet, jotka yhdist\u00e4v\u00e4t k\u00e4yt\u00e4nn\u00f6llisyyden ja visuaalisen ilmeen \u2013 aina br\u00e4ndisi mukaisesti. Olipa kyseess\u00e4 pieni p\u00f6yt\u00e4teline tai suuri lattiateline, me luomme n\u00e4ytt\u00e4vi\u00e4 ja tehokkaita ratkaisuja,&hellip;&nbsp;<a href=\"https:\/\/www.plastcenternordic.fi\/?page_id=91\" rel=\"bookmark\">Read More &raquo;<span class=\"screen-reader-text\">Telineet<\/span><\/a><\/p>\n","protected":false},"author":1,"featured_media":0,"parent":0,"menu_order":0,"comment_status":"closed","ping_status":"closed","template":"","meta":{"neve_meta_sidebar":"","neve_meta_container":"","neve_meta_enable_content_width":"","neve_meta_content_width":0,"neve_meta_title_alignment":"","neve_meta_author_avatar":"","neve_post_elements_order":"","neve_meta_disable_header":"","neve_meta_disable_footer":"","neve_meta_disable_title":"","neve_meta_reading_time":"","footnotes":""},"class_list":["post-91","page","type-page","status-publish","hentry"],"yoast_head":"<!-- This site is optimized with the Yoast SEO plugin v27.4 - https:\/\/yoast.com\/product\/yoast-seo-wordpress\/ -->\n<title>Telineet - Plastcenter Nordic Oy<\/title>\n<meta name=\"robots\" content=\"index, follow, max-snippet:-1, max-image-preview:large, max-video-preview:-1\" \/>\n<link rel=\"canonical\" href=\"https:\/\/www.plastcenternordic.fi\/?page_id=91\" \/>\n<meta property=\"og:locale\" content=\"fi_FI\" \/>\n<meta property=\"og:type\" content=\"article\" \/>\n<meta property=\"og:title\" content=\"Telineet - Plastcenter Nordic Oy\" \/>\n<meta property=\"og:description\" content=\"Telineet, jotka erottuvat \u2013 N\u00e4kyvyytt\u00e4 lattioilta p\u00f6yt\u00e4pinnoille Etsitk\u00f6 ratkaisua, joka tuo tuotteesi n\u00e4kyviin ja houkuttelee asiakkaita? Meilt\u00e4 saat r\u00e4\u00e4t\u00e4l\u00f6idyt telineet, jotka nostavat tuotteesi esille sek\u00e4 lattioilla ett\u00e4 tiskeill\u00e4! Suunnittelemme ja toteutamme telineet, jotka yhdist\u00e4v\u00e4t k\u00e4yt\u00e4nn\u00f6llisyyden ja visuaalisen ilmeen \u2013 aina br\u00e4ndisi mukaisesti. Olipa kyseess\u00e4 pieni p\u00f6yt\u00e4teline tai suuri lattiateline, me luomme n\u00e4ytt\u00e4vi\u00e4 ja tehokkaita ratkaisuja,&hellip;&nbsp;Read More &raquo;Telineet\" \/>\n<meta property=\"og:url\" content=\"https:\/\/www.plastcenternordic.fi\/?page_id=91\" \/>\n<meta property=\"og:site_name\" content=\"Plastcenter Nordic Oy\" \/>\n<meta property=\"article:modified_time\" content=\"2026-04-09T09:40:32+00:00\" \/>\n<meta property=\"og:image\" content=\"https:\/\/www.plastcenternordic.fi\/wp-content\/uploads\/2025\/02\/Telineet_tuotesivu.jpg\" \/>\n\t<meta property=\"og:image:width\" content=\"918\" \/>\n\t<meta property=\"og:image:height\" content=\"1012\" \/>\n\t<meta property=\"og:image:type\" content=\"image\/jpeg\" \/>\n<meta name=\"twitter:card\" content=\"summary_large_image\" \/>\n<meta name=\"twitter:label1\" content=\"Arvioitu lukuaika\" \/>\n\t<meta name=\"twitter:data1\" content=\"4 minuuttia\" \/>\n<script type=\"application\/ld+json\" class=\"yoast-schema-graph\">{\"@context\":\"https:\\\/\\\/schema.org\",\"@graph\":[{\"@type\":\"WebPage\",\"@id\":\"https:\\\/\\\/www.plastcenternordic.fi\\\/?page_id=91\",\"url\":\"https:\\\/\\\/www.plastcenternordic.fi\\\/?page_id=91\",\"name\":\"Telineet - Plastcenter Nordic Oy\",\"isPartOf\":{\"@id\":\"https:\\\/\\\/www.plastcenternordic.fi\\\/#website\"},\"primaryImageOfPage\":{\"@id\":\"https:\\\/\\\/www.plastcenternordic.fi\\\/?page_id=91#primaryimage\"},\"image\":{\"@id\":\"https:\\\/\\\/www.plastcenternordic.fi\\\/?page_id=91#primaryimage\"},\"thumbnailUrl\":\"https:\\\/\\\/www.plastcenternordic.fi\\\/wp-content\\\/uploads\\\/2025\\\/02\\\/Telineet_tuotesivu.jpg\",\"datePublished\":\"2025-02-10T18:32:14+00:00\",\"dateModified\":\"2026-04-09T09:40:32+00:00\",\"breadcrumb\":{\"@id\":\"https:\\\/\\\/www.plastcenternordic.fi\\\/?page_id=91#breadcrumb\"},\"inLanguage\":\"fi\",\"potentialAction\":[{\"@type\":\"ReadAction\",\"target\":[\"https:\\\/\\\/www.plastcenternordic.fi\\\/?page_id=91\"]}]},{\"@type\":\"ImageObject\",\"inLanguage\":\"fi\",\"@id\":\"https:\\\/\\\/www.plastcenternordic.fi\\\/?page_id=91#primaryimage\",\"url\":\"https:\\\/\\\/www.plastcenternordic.fi\\\/wp-content\\\/uploads\\\/2025\\\/02\\\/Telineet_tuotesivu.jpg\",\"contentUrl\":\"https:\\\/\\\/www.plastcenternordic.fi\\\/wp-content\\\/uploads\\\/2025\\\/02\\\/Telineet_tuotesivu.jpg\",\"width\":918,\"height\":1012,\"caption\":\"Screenshot\"},{\"@type\":\"BreadcrumbList\",\"@id\":\"https:\\\/\\\/www.plastcenternordic.fi\\\/?page_id=91#breadcrumb\",\"itemListElement\":[{\"@type\":\"ListItem\",\"position\":1,\"name\":\"Etusivu\",\"item\":\"https:\\\/\\\/www.plastcenternordic.fi\\\/\"},{\"@type\":\"ListItem\",\"position\":2,\"name\":\"Telineet\"}]},{\"@type\":\"WebSite\",\"@id\":\"https:\\\/\\\/www.plastcenternordic.fi\\\/#website\",\"url\":\"https:\\\/\\\/www.plastcenternordic.fi\\\/\",\"name\":\"Plastcenter Nordic Oy\",\"description\":\"\",\"publisher\":{\"@id\":\"https:\\\/\\\/www.plastcenternordic.fi\\\/#organization\"},\"potentialAction\":[{\"@type\":\"SearchAction\",\"target\":{\"@type\":\"EntryPoint\",\"urlTemplate\":\"https:\\\/\\\/www.plastcenternordic.fi\\\/?s={search_term_string}\"},\"query-input\":{\"@type\":\"PropertyValueSpecification\",\"valueRequired\":true,\"valueName\":\"search_term_string\"}}],\"inLanguage\":\"fi\"},{\"@type\":\"Organization\",\"@id\":\"https:\\\/\\\/www.plastcenternordic.fi\\\/#organization\",\"name\":\"Plastcenter Nordic Oy\",\"url\":\"https:\\\/\\\/www.plastcenternordic.fi\\\/\",\"logo\":{\"@type\":\"ImageObject\",\"inLanguage\":\"fi\",\"@id\":\"https:\\\/\\\/www.plastcenternordic.fi\\\/#\\\/schema\\\/logo\\\/image\\\/\",\"url\":\"https:\\\/\\\/www.plastcenternordic.fi\\\/wp-content\\\/uploads\\\/2025\\\/02\\\/Plastcenter_logo.png\",\"contentUrl\":\"https:\\\/\\\/www.plastcenternordic.fi\\\/wp-content\\\/uploads\\\/2025\\\/02\\\/Plastcenter_logo.png\",\"width\":357,\"height\":48,\"caption\":\"Plastcenter Nordic Oy\"},\"image\":{\"@id\":\"https:\\\/\\\/www.plastcenternordic.fi\\\/#\\\/schema\\\/logo\\\/image\\\/\"}}]}<\/script>\n<!-- \/ Yoast SEO plugin. -->","yoast_head_json":{"title":"Telineet - Plastcenter Nordic Oy","robots":{"index":"index","follow":"follow","max-snippet":"max-snippet:-1","max-image-preview":"max-image-preview:large","max-video-preview":"max-video-preview:-1"},"canonical":"https:\/\/www.plastcenternordic.fi\/?page_id=91","og_locale":"fi_FI","og_type":"article","og_title":"Telineet - Plastcenter Nordic Oy","og_description":"Telineet, jotka erottuvat \u2013 N\u00e4kyvyytt\u00e4 lattioilta p\u00f6yt\u00e4pinnoille Etsitk\u00f6 ratkaisua, joka tuo tuotteesi n\u00e4kyviin ja houkuttelee asiakkaita? Meilt\u00e4 saat r\u00e4\u00e4t\u00e4l\u00f6idyt telineet, jotka nostavat tuotteesi esille sek\u00e4 lattioilla ett\u00e4 tiskeill\u00e4! Suunnittelemme ja toteutamme telineet, jotka yhdist\u00e4v\u00e4t k\u00e4yt\u00e4nn\u00f6llisyyden ja visuaalisen ilmeen \u2013 aina br\u00e4ndisi mukaisesti. Olipa kyseess\u00e4 pieni p\u00f6yt\u00e4teline tai suuri lattiateline, me luomme n\u00e4ytt\u00e4vi\u00e4 ja tehokkaita ratkaisuja,&hellip;&nbsp;Read More &raquo;Telineet","og_url":"https:\/\/www.plastcenternordic.fi\/?page_id=91","og_site_name":"Plastcenter Nordic Oy","article_modified_time":"2026-04-09T09:40:32+00:00","og_image":[{"width":918,"height":1012,"url":"https:\/\/www.plastcenternordic.fi\/wp-content\/uploads\/2025\/02\/Telineet_tuotesivu.jpg","type":"image\/jpeg"}],"twitter_card":"summary_large_image","twitter_misc":{"Arvioitu lukuaika":"4 minuuttia"},"schema":{"@context":"https:\/\/schema.org","@graph":[{"@type":"WebPage","@id":"https:\/\/www.plastcenternordic.fi\/?page_id=91","url":"https:\/\/www.plastcenternordic.fi\/?page_id=91","name":"Telineet - Plastcenter Nordic Oy","isPartOf":{"@id":"https:\/\/www.plastcenternordic.fi\/#website"},"primaryImageOfPage":{"@id":"https:\/\/www.plastcenternordic.fi\/?page_id=91#primaryimage"},"image":{"@id":"https:\/\/www.plastcenternordic.fi\/?page_id=91#primaryimage"},"thumbnailUrl":"https:\/\/www.plastcenternordic.fi\/wp-content\/uploads\/2025\/02\/Telineet_tuotesivu.jpg","datePublished":"2025-02-10T18:32:14+00:00","dateModified":"2026-04-09T09:40:32+00:00","breadcrumb":{"@id":"https:\/\/www.plastcenternordic.fi\/?page_id=91#breadcrumb"},"inLanguage":"fi","potentialAction":[{"@type":"ReadAction","target":["https:\/\/www.plastcenternordic.fi\/?page_id=91"]}]},{"@type":"ImageObject","inLanguage":"fi","@id":"https:\/\/www.plastcenternordic.fi\/?page_id=91#primaryimage","url":"https:\/\/www.plastcenternordic.fi\/wp-content\/uploads\/2025\/02\/Telineet_tuotesivu.jpg","contentUrl":"https:\/\/www.plastcenternordic.fi\/wp-content\/uploads\/2025\/02\/Telineet_tuotesivu.jpg","width":918,"height":1012,"caption":"Screenshot"},{"@type":"BreadcrumbList","@id":"https:\/\/www.plastcenternordic.fi\/?page_id=91#breadcrumb","itemListElement":[{"@type":"ListItem","position":1,"name":"Etusivu","item":"https:\/\/www.plastcenternordic.fi\/"},{"@type":"ListItem","position":2,"name":"Telineet"}]},{"@type":"WebSite","@id":"https:\/\/www.plastcenternordic.fi\/#website","url":"https:\/\/www.plastcenternordic.fi\/","name":"Plastcenter Nordic Oy","description":"","publisher":{"@id":"https:\/\/www.plastcenternordic.fi\/#organization"},"potentialAction":[{"@type":"SearchAction","target":{"@type":"EntryPoint","urlTemplate":"https:\/\/www.plastcenternordic.fi\/?s={search_term_string}"},"query-input":{"@type":"PropertyValueSpecification","valueRequired":true,"valueName":"search_term_string"}}],"inLanguage":"fi"},{"@type":"Organization","@id":"https:\/\/www.plastcenternordic.fi\/#organization","name":"Plastcenter Nordic Oy","url":"https:\/\/www.plastcenternordic.fi\/","logo":{"@type":"ImageObject","inLanguage":"fi","@id":"https:\/\/www.plastcenternordic.fi\/#\/schema\/logo\/image\/","url":"https:\/\/www.plastcenternordic.fi\/wp-content\/uploads\/2025\/02\/Plastcenter_logo.png","contentUrl":"https:\/\/www.plastcenternordic.fi\/wp-content\/uploads\/2025\/02\/Plastcenter_logo.png","width":357,"height":48,"caption":"Plastcenter Nordic Oy"},"image":{"@id":"https:\/\/www.plastcenternordic.fi\/#\/schema\/logo\/image\/"}}]}},"_links":{"self":[{"href":"https:\/\/www.plastcenternordic.fi\/index.php?rest_route=\/wp\/v2\/pages\/91","targetHints":{"allow":["GET"]}}],"collection":[{"href":"https:\/\/www.plastcenternordic.fi\/index.php?rest_route=\/wp\/v2\/pages"}],"about":[{"href":"https:\/\/www.plastcenternordic.fi\/index.php?rest_route=\/wp\/v2\/types\/page"}],"author":[{"embeddable":true,"href":"https:\/\/www.plastcenternordic.fi\/index.php?rest_route=\/wp\/v2\/users\/1"}],"replies":[{"embeddable":true,"href":"https:\/\/www.plastcenternordic.fi\/index.php?rest_route=%2Fwp%2Fv2%2Fcomments&post=91"}],"version-history":[{"count":19,"href":"https:\/\/www.plastcenternordic.fi\/index.php?rest_route=\/wp\/v2\/pages\/91\/revisions"}],"predecessor-version":[{"id":692,"href":"https:\/\/www.plastcenternordic.fi\/index.php?rest_route=\/wp\/v2\/pages\/91\/revisions\/692"}],"wp:attachment":[{"href":"https:\/\/www.plastcenternordic.fi\/index.php?rest_route=%2Fwp%2Fv2%2Fmedia&parent=91"}],"curies":[{"name":"wp","href":"https:\/\/api.w.org\/{rel}","templated":true}]}}